s divided by 4998?
69
Calculate the remainder when 733586 is divided by 545.
16
What is the remainder when 17414922 is divided by 2487822?
168
Calculate the remainder when 330627 is divided by 3.
0
Calculate the remainder when 154474 is divided by 154451.
23
What is the remainder when 164497 is divided by 41115?
37
Calculate the remainder when 6239970663 is divided by 102.
99
What is the remainder when 603001 is divided by 708?
493
Calculate the remainder when 81589 is divided by 13566.
193
What is the remainder when 425606 is divided by 1842?
104
What is the remainder when 762830 is divided by 762795?
35
What is the remainder when 11616278 is divided by 5808064?
150
Calculate the remainder when 58327623 is divided by 10.
3
What is the remainder when 3079353 is divided by 307935?
3
What is the remainder when 47410 is divided by 4695?
460
What is the remainder when 197004 is divided by 32650?
1104
What is the remainder when 15884959 is divided by 80?
79
Calculate the remainder when 157547 is divided by 38463.
3695
Calculate the remainder when 1528833 is divided by 1805.
1803
What is the remainder when 98123 is divided by 2883?
101
Calculate the remainder when 285971 is divided by 56865.
1646
What is the remainder when 5270083 is divided by 878346?
7
What is the remainder when 7913779 is divided by 6942?
6841
Calculate the remainder when 652549 is divided by 791.
765
What is the remainder when 2638181 is divided by 659490?
221
Calculate the remainder when 67167 is divided by 11041.
921
What is the remainder when 28238254 is divided by 184?
142
What is the remainder when 26395700 is divided by 38?
26
Calculate the remainder when 897806 is divided by 20879.
9
Calculate the remainder when 276020 is divided by 1712.
388
What is the remainder when 63423 is divided by 10570?
3
What is the remainder when 9955719 is divided by 2942?
2933
What is the remainder when 38441 is divided by 4589?
1729
Calculate the remainder when 15286138 is divided by 977.
973
Calculate the remainder when 446866 is divided by 148955.
1
What is the remainder when 37233267 is divided by 13?
6
Calculate the remainder when 68152 is divided by 633.
421
Calculate the remainder when 1336528 is divided by 102806.
50
What is the remainder when 3410872 is divided by 8?
0
What is the remainder when 350417 is divided by 70068?
77
What is the remainder when 895488 is divided by 111887?
392
Calculate the remainder when 14199863 is divided by 168.
167
Calculate the remainder when 5207820 is divided by 83.
68
What is the remainder when 1385904 is divided by 155?
49
What is the remainder when 559109 is divided by 885?
674
Calculate the remainder when 1896342 is divided by 57464.
30
What is the remainder when 254526 is divided by 1697?
1673
What is the remainder when 76805 is divided by 614?
55
What is the remainder when 9599039 is divided by 6311?
8
What is the remainder when 74441 is divided by 363?
26
What is the remainder when 32327 is divided by 3653?
3103
What is the remainder when 43593392 is divided by 7971?
7964
What is the remainder when 55443411 is divided by 2234?
2233
Calculate the remainder when 720821 is divided by 4502.
501
What is the remainder when 8771 is divided by 756?
455
What is the remainder when 237013346 is divided by 286?
284
What is the remainder when 211234 is divided by 6388?
430
Calculate the remainder when 3633141 is divided by 22.
17
Calculate the remainder when 21028141 is divided by 25.
16
Calculate the remainder when 221309 is divided by 20114.
55
Calculate the remainder when 5724814 is divided by 1985.
74
What is the remainder when 6095957 is divided by 164752?
133
Calculate the remainder when 387 is divided by 363.
24
What is the remainder when 235938142 is divided by 104?
102
What is the remainder when 9002843 is divided by 5727?
5726
What is the remainder when 64026492 is divided by 24?
12
What is the remainder when 151322918 is divided by 632?
630
Calculate the remainder when 12521716 is divided by 6260839.
38
Calculate the remainder when 339089 is divided by 247.
205
What is the remainder when 240372 is divided by 1080?
612
What is the remainder when 9295490 is divided by 78?
74
Calculate the remainder when 31212 is divided by 3632.
2156
Calculate the remainder when 3146190 is divided by 15810.
0
What is the remainder when 2120 is divided by 303?
302
What is the remainder when 6639932 is divided by 28869?
62
Calculate the remainder when 4053659 is divided by 2026685.
289
Calculate the remainder when 992502 is divided by 14989.
3228
Calculate the remainder when 10376680 is divided by 152598.
16
What is the remainder when 1821833 is divided by 133?
132
Calculate the remainder when 1063889 is divided by 1061525.
2364
What is the remainder when 102220416 is divided by 874?
872
Calculate the remainder when 5517192 is divided by 203.
58
What is the remainder when 14071516 is divided by 106?
16
Calculate the remainder when 18513619 is divided by 27266.
5
What is the remainder when 27426334 is divided by 550?
34
Calculate the remainder when 206049 is divided by 39.
12
Calculate the remainder when 113810508 is divided by 567.
0
What is the remainder when 19173 is divided by 8706?
1761
Calculate the remainder when 193174 is divided by 927.
358
What is the remainder when 746069 is divided by 372867?
335
What is the remainder when 315975 is divided by 60?
15
Calculate the remainder when 2746843 is divided by 788.
663
What is the remainder when 2066446 is divided by 66?
52
Calculate the remainder when 117780 is divided by 2458.
2254
What is the remainder when 288833 is divided by 2912?
545
What is the remainder when 4580618 is divided by 6972?
14
What is the remainder when 32930630 is divided by 8103?
38
What is the remainder when 191245 is divided by 3542?
3519
Calculate the remainder when 3829663 is divided by 112637.
5
Calculate the remainder when 9513254 is divided by 467.
464
What is the remainder when 87537 is divided by 12435?
492
What is the remainder when 1665805 is divided by 3222?
31
What is the remainder when 7306423 is divided by 2435474?
1
Calculate the remainder when 22802273 is divided by 118.
71
What is the remainder when 1279020 is divided by 415?
405
Calculate the remainder when 11814261 is divided by 66.
63
Calculate the remainder when 196679 is divided by 22.
21
What is the remainder when 31552484 is divided by 2868407?
7
Calculate the remainder when 5619503 is divided by 989.
5
Calculate the remainder when 716615 is divided by 24.
23
What is the remainder when 96745 is divided by 732?
121
Calculate the remainder when 662389 is divided by 977.
960
Calculate the remainder when 4933163 is divided by 64067.
4
Calculate the remainder when 84235 is divided by 4463.
3901
Calculate the remainder when 881506 is divided by 88.
10
Calculate the remainder when 7422947 is divided by 179.
175
Calculate the remainder when 13727007 is divided by 1480.
7
Calculate the remainder when 11745151 is divided by 3594.
3553
Calculate the remainder when 521329 is divided by 557.
534
Calculate the remainder when 70065003 is divided by 7785.
3
Calculate the remainder when 60003 is divided by 1033.
89
What is the remainder when 655607 is divided by 322?
15
Calculate the remainder when 114001216 is divided by 74.
72
What is the remainder when 901826 is divided by 468?
458
Calculate the remainder when 1289548 is divided by 4104.
892
What is the remainder when 11573187 is divided by 20411?
150
What is the remainder when 210880 is divided by 76?
56
Calculate the remainder when 46588 is divided by 3078.
418
What is the remainder when 27280316 is divided by 70310?
36
What is the remainder when 1698080 is divided by 141501?
68
What is the remainder when 3063453 is divided by 27?
6
What is the remainder when 6054601 is divided by 15367?
3
What is the remainder when 1512688 is divided by 172?
120
What is the remainder when 940775 is divided by 44794?
101
Calculate the remainder when 12988521 is divided by 1443168.
9
What is the remainder when 2124634 is divided by 31?
18
Calculate the remainder when 59705 is divided by 145.
110
Calculate the remainder when 2142690 is divided by 2733.
18
Calculate the remainder when 1290392 is divided by 41.
40
Calculate the remainder when 173